{"id":341,"date":"2024-04-22T18:35:32","date_gmt":"2024-04-22T18:35:32","guid":{"rendered":"https:\/\/navasca.com.ve\/?page_id=341"},"modified":"2024-07-20T14:36:27","modified_gmt":"2024-07-20T14:36:27","slug":"servicios","status":"publish","type":"page","link":"https:\/\/navasca.com.ve\/index.php\/servicios\/","title":{"rendered":"Servicios"},"content":{"rendered":"\t\t<div data-elementor-type=\"wp-page\" data-elementor-id=\"341\" class=\"elementor elementor-341\" data-elementor-post-type=\"page\">\n\t\t\t\t<div class=\"elementor-element elementor-element-ae5b64e e-flex e-con-boxed e-con e-parent\" data-id=\"ae5b64e\" data-element_type=\"container\" data-settings=\"{&quot;background_background&quot;:&quot;classic&quot;}\">\n\t\t\t\t\t<div class=\"e-con-inner\">\n\t\t\t\t<div class=\"elementor-element elementor-element-8f7ce84 elementor-widget elementor-widget-heading\" data-id=\"8f7ce84\" data-element_type=\"widget\" data-widget_type=\"heading.default\">\n\t\t\t\t<div class=\"elementor-widget-container\">\n\t\t\t\t\t<h2 class=\"elementor-heading-title elementor-size-default\">Servicios<\/h2>\t\t\t\t<\/div>\n\t\t\t\t<\/div>\n\t\t\t\t\t<\/div>\n\t\t\t\t<\/div>\n\t\t<div class=\"elementor-element elementor-element-7650979 e-con-full e-flex e-con e-child\" data-id=\"7650979\" data-element_type=\"container\">\n\t\t<div class=\"elementor-element elementor-element-d788645 e-con-full e-flex elementor-invisible e-con e-child\" data-id=\"d788645\" data-element_type=\"container\" data-settings=\"{&quot;background_background&quot;:&quot;classic&quot;,&quot;motion_fx_motion_fx_mouse&quot;:&quot;yes&quot;,&quot;animation&quot;:&quot;fadeIn&quot;}\">\n\t\t\t\t<div class=\"elementor-element elementor-element-124c196 elementor-widget elementor-widget-heading\" data-id=\"124c196\" data-element_type=\"widget\" data-widget_type=\"heading.default\">\n\t\t\t\t<div class=\"elementor-widget-container\">\n\t\t\t\t\t<h2 class=\"elementor-heading-title elementor-size-default\">NAVIERO<\/h2>\t\t\t\t<\/div>\n\t\t\t\t<\/div>\n\t\t\t\t<div class=\"elementor-element elementor-element-4a8a5d1 elementor-widget elementor-widget-text-editor\" data-id=\"4a8a5d1\" data-element_type=\"widget\" data-widget_type=\"text-editor.default\">\n\t\t\t\t<div class=\"elementor-widget-container\">\n\t\t\t\t\t\t\t\t\t<p>Te ofrecemos servicio integral de atenci\u00f3n de buques, que van desde la recepci\u00f3n, maniobra de atraque y desatraque, inspecciones subacuaticas, hasta el zarpe de la embarcaci\u00f3n.<\/p>\t\t\t\t\t\t\t\t<\/div>\n\t\t\t\t<\/div>\n\t\t\t\t<\/div>\n\t\t<div class=\"elementor-element elementor-element-d558991 e-con-full e-flex elementor-invisible e-con e-child\" data-id=\"d558991\" data-element_type=\"container\" data-settings=\"{&quot;background_background&quot;:&quot;classic&quot;,&quot;animation&quot;:&quot;fadeIn&quot;}\">\n\t\t\t\t<div class=\"elementor-element elementor-element-3c251d4 elementor-widget elementor-widget-heading\" data-id=\"3c251d4\" data-element_type=\"widget\" data-widget_type=\"heading.default\">\n\t\t\t\t<div class=\"elementor-widget-container\">\n\t\t\t\t\t<h2 class=\"elementor-heading-title elementor-size-default\">ADUANAL<\/h2>\t\t\t\t<\/div>\n\t\t\t\t<\/div>\n\t\t\t\t<div class=\"elementor-element elementor-element-294c8f8 elementor-widget elementor-widget-text-editor\" data-id=\"294c8f8\" data-element_type=\"widget\" data-widget_type=\"text-editor.default\">\n\t\t\t\t<div class=\"elementor-widget-container\">\n\t\t\t\t\t\t\t\t\t<p>Somos tu representante ante las autoridades aduanales nacionales e internacionales, garantizamos que tu importaci\u00f3n y\/o exportaci\u00f3n tenga toda la documentaci\u00f3n requerida para la presentaci\u00f3n, valoraci\u00f3n y entrega del producto.<\/p>\t\t\t\t\t\t\t\t<\/div>\n\t\t\t\t<\/div>\n\t\t\t\t<\/div>\n\t\t<div class=\"elementor-element elementor-element-0a313e3 e-con-full e-flex elementor-invisible e-con e-child\" data-id=\"0a313e3\" data-element_type=\"container\" data-settings=\"{&quot;background_background&quot;:&quot;classic&quot;,&quot;animation&quot;:&quot;fadeIn&quot;}\">\n\t\t\t\t<div class=\"elementor-element elementor-element-055f9e4 elementor-widget elementor-widget-heading\" data-id=\"055f9e4\" data-element_type=\"widget\" data-widget_type=\"heading.default\">\n\t\t\t\t<div class=\"elementor-widget-container\">\n\t\t\t\t\t<h2 class=\"elementor-heading-title elementor-size-default\">Consolidaci\u00f3n de Carga<\/h2>\t\t\t\t<\/div>\n\t\t\t\t<\/div>\n\t\t\t\t<div class=\"elementor-element elementor-element-9340fd3 elementor-widget elementor-widget-text-editor\" data-id=\"9340fd3\" data-element_type=\"widget\" data-widget_type=\"text-editor.default\">\n\t\t\t\t<div class=\"elementor-widget-container\">\n\t\t\t\t\t\t\t\t\t<p>Consolidamos y desconsolidamos tus contenedores, los transportamos bajo un solo documento de transporte, siempre aplicando las normativas de ley pertinentes.<\/p>\t\t\t\t\t\t\t\t<\/div>\n\t\t\t\t<\/div>\n\t\t\t\t<\/div>\n\t\t\t\t<\/div>\n\t\t<div class=\"elementor-element elementor-element-e481e82 e-flex e-con-boxed e-con e-child\" data-id=\"e481e82\" data-element_type=\"container\">\n\t\t\t\t\t<div class=\"e-con-inner\">\n\t\t<div class=\"elementor-element elementor-element-0d5bf3a e-con-full animated-slow e-flex elementor-invisible e-con e-child\" data-id=\"0d5bf3a\" data-element_type=\"container\" data-settings=\"{&quot;background_background&quot;:&quot;classic&quot;,&quot;animation&quot;:&quot;fadeIn&quot;}\">\n\t\t\t\t<div class=\"elementor-element elementor-element-eb33b00 elementor-widget elementor-widget-heading\" data-id=\"eb33b00\" data-element_type=\"widget\" data-widget_type=\"heading.default\">\n\t\t\t\t<div class=\"elementor-widget-container\">\n\t\t\t\t\t<h2 class=\"elementor-heading-title elementor-size-default\">Transporte<\/h2>\t\t\t\t<\/div>\n\t\t\t\t<\/div>\n\t\t\t\t<div class=\"elementor-element elementor-element-2bf6f39 elementor-widget elementor-widget-text-editor\" data-id=\"2bf6f39\" data-element_type=\"widget\" data-widget_type=\"text-editor.default\">\n\t\t\t\t<div class=\"elementor-widget-container\">\n\t\t\t\t\t\t\t\t\t<p>En Navasca, somos una empresa l\u00edder en transporte terrestre con una amplia experiencia en el manejo de todo tipo de carga.<\/p>\t\t\t\t\t\t\t\t<\/div>\n\t\t\t\t<\/div>\n\t\t\t\t<\/div>\n\t\t<div class=\"elementor-element elementor-element-fb825c7 e-con-full animated-slow e-flex elementor-invisible e-con e-child\" data-id=\"fb825c7\" data-element_type=\"container\" data-settings=\"{&quot;background_background&quot;:&quot;classic&quot;,&quot;animation&quot;:&quot;fadeIn&quot;}\">\n\t\t\t\t<div class=\"elementor-element elementor-element-98c1ca9 elementor-widget elementor-widget-heading\" data-id=\"98c1ca9\" data-element_type=\"widget\" data-widget_type=\"heading.default\">\n\t\t\t\t<div class=\"elementor-widget-container\">\n\t\t\t\t\t<h2 class=\"elementor-heading-title elementor-size-default\">estiba<\/h2>\t\t\t\t<\/div>\n\t\t\t\t<\/div>\n\t\t\t\t<div class=\"elementor-element elementor-element-069934c elementor-widget elementor-widget-text-editor\" data-id=\"069934c\" data-element_type=\"widget\" data-widget_type=\"text-editor.default\">\n\t\t\t\t<div class=\"elementor-widget-container\">\n\t\t\t\t\t\t\t\t\t<p>Tu carga est\u00e1 en las mejores manos. Nuestro equipo est\u00e1 capacitado y calificado para que los procesos operativos en puertos sean \u00f3ptimos y llevados a cabo eficazmente. El transporte de mercanc\u00eda representa un factor determinante en el comercio mar\u00edtimo, por ello en Navasca te ofrecemos servicio de estiba, desestiba, manejo de carga, traslado, distribuci\u00f3n de carga y alquiler de equipos.<\/p>\t\t\t\t\t\t\t\t<\/div>\n\t\t\t\t<\/div>\n\t\t\t\t<\/div>\n\t\t\t\t\t<\/div>\n\t\t\t\t<\/div>\n\t\t<div class=\"elementor-element elementor-element-a17a7c8 e-con-full e-flex e-con e-parent\" data-id=\"a17a7c8\" data-element_type=\"container\" data-settings=\"{&quot;background_background&quot;:&quot;classic&quot;}\">\n\t\t<div class=\"elementor-element elementor-element-d70ed6f e-grid e-con-full e-con e-child\" data-id=\"d70ed6f\" data-element_type=\"container\">\n\t\t<div class=\"elementor-element elementor-element-286ba4b e-con-full e-flex e-con e-child\" data-id=\"286ba4b\" data-element_type=\"container\" data-settings=\"{&quot;background_background&quot;:&quot;classic&quot;,&quot;background_motion_fx_motion_fx_mouse&quot;:&quot;yes&quot;,&quot;background_motion_fx_mouseTrack_effect&quot;:&quot;yes&quot;,&quot;background_motion_fx_mouseTrack_speed&quot;:{&quot;unit&quot;:&quot;px&quot;,&quot;size&quot;:1,&quot;sizes&quot;:[]}}\">\n\t\t\t\t<\/div>\n\t\t<div class=\"elementor-element elementor-element-7d8b8b0 e-flex e-con-boxed e-con e-child\" data-id=\"7d8b8b0\" data-element_type=\"container\">\n\t\t\t\t\t<div class=\"e-con-inner\">\n\t\t\t\t<div class=\"elementor-element elementor-element-03a7d2a elementor-widget elementor-widget-heading\" data-id=\"03a7d2a\" data-element_type=\"widget\" data-widget_type=\"heading.default\">\n\t\t\t\t<div class=\"elementor-widget-container\">\n\t\t\t\t\t<h2 class=\"elementor-heading-title elementor-size-default\"><span style=\"color: #FFEA3B\">Atenci\u00f3n sin l\u00edmites:<\/span> <\/h2>\t\t\t\t<\/div>\n\t\t\t\t<\/div>\n\t\t\t\t<div class=\"elementor-element elementor-element-c06d16d elementor-widget elementor-widget-text-editor\" data-id=\"c06d16d\" data-element_type=\"widget\" data-widget_type=\"text-editor.default\">\n\t\t\t\t<div class=\"elementor-widget-container\">\n\t\t\t\t\t\t\t\t\t<h4>Estamos aqu\u00ed para ti las 24 horas, los <span style=\"color: #ffea3b;\">7 d\u00edas <\/span>de la semana<\/h4>\t\t\t\t\t\t\t\t<\/div>\n\t\t\t\t<\/div>\n\t\t\t\t<div class=\"elementor-element elementor-element-c026c97 elementor-position-left elementor-vertical-align-middle elementor-mobile-position-left elementor-view-default elementor-widget elementor-widget-icon-box\" data-id=\"c026c97\" data-element_type=\"widget\" data-widget_type=\"icon-box.default\">\n\t\t\t\t<div class=\"elementor-widget-container\">\n\t\t\t\t\t\t\t<div class=\"elementor-icon-box-wrapper\">\n\n\t\t\t\t\t\t<div class=\"elementor-icon-box-icon\">\n\t\t\t\t<span  class=\"elementor-icon\">\n\t\t\t\t<svg xmlns=\"http:\/\/www.w3.org\/2000\/svg\" xmlns:xlink=\"http:\/\/www.w3.org\/1999\/xlink\" id=\"Capa_1\" x=\"0px\" y=\"0px\" viewBox=\"0 0 500 500\" style=\"enable-background:new 0 0 500 500;\" xml:space=\"preserve\"><style type=\"text\/css\">\t.st0{fill:#F4E452;}<\/style><g>\t<path class=\"st0\" d=\"M309.07,362.48c-37.87-9.25-70.09-27.45-98.37-52.38c-31.79-28.02-53.83-62.51-69.01-102.28  c-11.16-29.23,4.37-45.57,23.7-61.3c13.5-10.98,28.67-13.38,40.97,1.04c16.01,18.78,30.71,39.43,10.25,63.88  c-7.63,9.11-5.43,15.76,0.8,22.79c11.59,13.08,22.97,26.5,35.76,38.35c11.98,11.1,22.85,19.7,42.5,6.59  c19.01-12.68,40.24-1.77,56.57,13.24c11.1,10.21,12.69,22.81,5.25,35.76C346.62,347.07,331.36,360.14,309.07,362.48z   M304.36,347.83c19.05,2.27,30.58-9.08,40.08-23c6.42-9.41,5.15-18.6-4.47-25.72c-13-9.62-29.08-17.38-42.01-5.99  c-18.9,16.64-31.56,6.27-45.66-4.44c-18.37-13.96-34.08-30.48-47.37-49.4c-8.21-11.69-12.9-21.89,0.01-34.25  c15.89-15.21,5.26-30.05-3.89-43.71c-6.12-9.12-15.01-13.45-25.17-6.06c-13.28,9.65-27.08,19.68-24.71,39.1  C158.03,250.85,247.66,340.45,304.36,347.83z\"><\/path>\t<polygon class=\"st0\" points=\"324.58,223.13 299.75,210.13 324.21,196.98 319.76,188.98 295.5,202.96 295.84,174.46 286.8,174.46   287.14,202.96 262.87,188.97 258.43,196.99 282.88,210.13 258.05,223.13 262.5,231.13 287.14,217.3 286.8,246.22 295.84,246.22   295.5,217.3 320.13,231.13  \"><\/polygon><\/g><path class=\"st0\" d=\"M394.13,42H105.87C70.6,42,42,70.6,42,105.87v288.26C42,429.4,70.6,458,105.87,458h288.26 c35.27,0,63.87-28.6,63.87-63.87V105.87C458,70.6,429.4,42,394.13,42z M444.58,394.13c0,27.82-22.63,50.45-50.45,50.45H105.87 c-27.82,0-50.45-22.63-50.45-50.45V105.87c0-27.82,22.63-50.45,50.45-50.45h288.26c27.82,0,50.45,22.63,50.45,50.45V394.13z\"><\/path><\/svg>\t\t\t\t<\/span>\n\t\t\t<\/div>\n\t\t\t\n\t\t\t\t\t\t<div class=\"elementor-icon-box-content\">\n\n\t\t\t\t\t\t\t\t\t<h3 class=\"elementor-icon-box-title\">\n\t\t\t\t\t\t<span  >\n\t\t\t\t\t\t\tLLAME AL <B>+58 4120561159<\/B> PARA MAYOR INFORMACION\t\t\t\t\t\t<\/span>\n\t\t\t\t\t<\/h3>\n\t\t\t\t\n\t\t\t\t\n\t\t\t<\/div>\n\t\t\t\n\t\t<\/div>\n\t\t\t\t\t\t<\/div>\n\t\t\t\t<\/div>\n\t\t\t\t\t<\/div>\n\t\t\t\t<\/div>\n\t\t\t\t<\/div>\n\t\t\t\t<\/div>\n\t\t\t\t<\/div>\n\t\t","protected":false},"excerpt":{"rendered":"<p>Servicios NAVIERO Te ofrecemos servicio integral de atenci\u00f3n de buques, que van desde la recepci\u00f3n, maniobra de atraque y desatraque, inspecciones subacuaticas, hasta el zarpe de la embarcaci\u00f3n. ADUANAL Somos tu representante ante las autoridades aduanales nacionales e internacionales, garantizamos que tu importaci\u00f3n y\/o exportaci\u00f3n tenga toda la documentaci\u00f3n requerida para la presentaci\u00f3n, valoraci\u00f3n y [&hellip;]<\/p>\n","protected":false},"author":1,"featured_media":0,"parent":0,"menu_order":0,"comment_status":"closed","ping_status":"closed","template":"","meta":{"footnotes":""},"class_list":["post-341","page","type-page","status-publish","hentry"],"yoast_head":"<!-- This site is optimized with the Yoast SEO plugin v25.5 - https:\/\/yoast.com\/wordpress\/plugins\/seo\/ -->\n<title>Servicios - Navasca<\/title>\n<meta name=\"robots\" content=\"index, follow, max-snippet:-1, max-image-preview:large, max-video-preview:-1\" \/>\n<link rel=\"canonical\" href=\"https:\/\/navasca.com.ve\/index.php\/servicios\/\" \/>\n<meta property=\"og:locale\" content=\"es_ES\" \/>\n<meta property=\"og:type\" content=\"article\" \/>\n<meta property=\"og:title\" content=\"Servicios - Navasca\" \/>\n<meta property=\"og:description\" content=\"Servicios NAVIERO Te ofrecemos servicio integral de atenci\u00f3n de buques, que van desde la recepci\u00f3n, maniobra de atraque y desatraque, inspecciones subacuaticas, hasta el zarpe de la embarcaci\u00f3n. ADUANAL Somos tu representante ante las autoridades aduanales nacionales e internacionales, garantizamos que tu importaci\u00f3n y\/o exportaci\u00f3n tenga toda la documentaci\u00f3n requerida para la presentaci\u00f3n, valoraci\u00f3n y [&hellip;]\" \/>\n<meta property=\"og:url\" content=\"https:\/\/navasca.com.ve\/index.php\/servicios\/\" \/>\n<meta property=\"og:site_name\" content=\"Navasca\" \/>\n<meta property=\"article:modified_time\" content=\"2024-07-20T14:36:27+00:00\" \/>\n<meta name=\"twitter:card\" content=\"summary_large_image\" \/>\n<meta name=\"twitter:label1\" content=\"Tiempo de lectura\" \/>\n\t<meta name=\"twitter:data1\" content=\"1 minuto\" \/>\n<script type=\"application\/ld+json\" class=\"yoast-schema-graph\">{\"@context\":\"https:\/\/schema.org\",\"@graph\":[{\"@type\":\"WebPage\",\"@id\":\"https:\/\/navasca.com.ve\/index.php\/servicios\/\",\"url\":\"https:\/\/navasca.com.ve\/index.php\/servicios\/\",\"name\":\"Servicios - Navasca\",\"isPartOf\":{\"@id\":\"https:\/\/navasca.com.ve\/#website\"},\"datePublished\":\"2024-04-22T18:35:32+00:00\",\"dateModified\":\"2024-07-20T14:36:27+00:00\",\"breadcrumb\":{\"@id\":\"https:\/\/navasca.com.ve\/index.php\/servicios\/#breadcrumb\"},\"inLanguage\":\"es\",\"potentialAction\":[{\"@type\":\"ReadAction\",\"target\":[\"https:\/\/navasca.com.ve\/index.php\/servicios\/\"]}]},{\"@type\":\"BreadcrumbList\",\"@id\":\"https:\/\/navasca.com.ve\/index.php\/servicios\/#breadcrumb\",\"itemListElement\":[{\"@type\":\"ListItem\",\"position\":1,\"name\":\"Portada\",\"item\":\"https:\/\/navasca.com.ve\/\"},{\"@type\":\"ListItem\",\"position\":2,\"name\":\"Servicios\"}]},{\"@type\":\"WebSite\",\"@id\":\"https:\/\/navasca.com.ve\/#website\",\"url\":\"https:\/\/navasca.com.ve\/\",\"name\":\"Navasca\",\"description\":\"\",\"publisher\":{\"@id\":\"https:\/\/navasca.com.ve\/#organization\"},\"potentialAction\":[{\"@type\":\"SearchAction\",\"target\":{\"@type\":\"EntryPoint\",\"urlTemplate\":\"https:\/\/navasca.com.ve\/?s={search_term_string}\"},\"query-input\":{\"@type\":\"PropertyValueSpecification\",\"valueRequired\":true,\"valueName\":\"search_term_string\"}}],\"inLanguage\":\"es\"},{\"@type\":\"Organization\",\"@id\":\"https:\/\/navasca.com.ve\/#organization\",\"name\":\"Navasca\",\"url\":\"https:\/\/navasca.com.ve\/\",\"logo\":{\"@type\":\"ImageObject\",\"inLanguage\":\"es\",\"@id\":\"https:\/\/navasca.com.ve\/#\/schema\/logo\/image\/\",\"url\":\"https:\/\/navasca.com.ve\/wp-content\/uploads\/2024\/03\/LOGO-NAVSCA-INTERNACIONAL.png\",\"contentUrl\":\"https:\/\/navasca.com.ve\/wp-content\/uploads\/2024\/03\/LOGO-NAVSCA-INTERNACIONAL.png\",\"width\":503,\"height\":302,\"caption\":\"Navasca\"},\"image\":{\"@id\":\"https:\/\/navasca.com.ve\/#\/schema\/logo\/image\/\"}}]}<\/script>\n<!-- \/ Yoast SEO plugin. -->","yoast_head_json":{"title":"Servicios - Navasca","robots":{"index":"index","follow":"follow","max-snippet":"max-snippet:-1","max-image-preview":"max-image-preview:large","max-video-preview":"max-video-preview:-1"},"canonical":"https:\/\/navasca.com.ve\/index.php\/servicios\/","og_locale":"es_ES","og_type":"article","og_title":"Servicios - Navasca","og_description":"Servicios NAVIERO Te ofrecemos servicio integral de atenci\u00f3n de buques, que van desde la recepci\u00f3n, maniobra de atraque y desatraque, inspecciones subacuaticas, hasta el zarpe de la embarcaci\u00f3n. ADUANAL Somos tu representante ante las autoridades aduanales nacionales e internacionales, garantizamos que tu importaci\u00f3n y\/o exportaci\u00f3n tenga toda la documentaci\u00f3n requerida para la presentaci\u00f3n, valoraci\u00f3n y [&hellip;]","og_url":"https:\/\/navasca.com.ve\/index.php\/servicios\/","og_site_name":"Navasca","article_modified_time":"2024-07-20T14:36:27+00:00","twitter_card":"summary_large_image","twitter_misc":{"Tiempo de lectura":"1 minuto"},"schema":{"@context":"https:\/\/schema.org","@graph":[{"@type":"WebPage","@id":"https:\/\/navasca.com.ve\/index.php\/servicios\/","url":"https:\/\/navasca.com.ve\/index.php\/servicios\/","name":"Servicios - Navasca","isPartOf":{"@id":"https:\/\/navasca.com.ve\/#website"},"datePublished":"2024-04-22T18:35:32+00:00","dateModified":"2024-07-20T14:36:27+00:00","breadcrumb":{"@id":"https:\/\/navasca.com.ve\/index.php\/servicios\/#breadcrumb"},"inLanguage":"es","potentialAction":[{"@type":"ReadAction","target":["https:\/\/navasca.com.ve\/index.php\/servicios\/"]}]},{"@type":"BreadcrumbList","@id":"https:\/\/navasca.com.ve\/index.php\/servicios\/#breadcrumb","itemListElement":[{"@type":"ListItem","position":1,"name":"Portada","item":"https:\/\/navasca.com.ve\/"},{"@type":"ListItem","position":2,"name":"Servicios"}]},{"@type":"WebSite","@id":"https:\/\/navasca.com.ve\/#website","url":"https:\/\/navasca.com.ve\/","name":"Navasca","description":"","publisher":{"@id":"https:\/\/navasca.com.ve\/#organization"},"potentialAction":[{"@type":"SearchAction","target":{"@type":"EntryPoint","urlTemplate":"https:\/\/navasca.com.ve\/?s={search_term_string}"},"query-input":{"@type":"PropertyValueSpecification","valueRequired":true,"valueName":"search_term_string"}}],"inLanguage":"es"},{"@type":"Organization","@id":"https:\/\/navasca.com.ve\/#organization","name":"Navasca","url":"https:\/\/navasca.com.ve\/","logo":{"@type":"ImageObject","inLanguage":"es","@id":"https:\/\/navasca.com.ve\/#\/schema\/logo\/image\/","url":"https:\/\/navasca.com.ve\/wp-content\/uploads\/2024\/03\/LOGO-NAVSCA-INTERNACIONAL.png","contentUrl":"https:\/\/navasca.com.ve\/wp-content\/uploads\/2024\/03\/LOGO-NAVSCA-INTERNACIONAL.png","width":503,"height":302,"caption":"Navasca"},"image":{"@id":"https:\/\/navasca.com.ve\/#\/schema\/logo\/image\/"}}]}},"_links":{"self":[{"href":"https:\/\/navasca.com.ve\/index.php\/wp-json\/wp\/v2\/pages\/341","targetHints":{"allow":["GET"]}}],"collection":[{"href":"https:\/\/navasca.com.ve\/index.php\/wp-json\/wp\/v2\/pages"}],"about":[{"href":"https:\/\/navasca.com.ve\/index.php\/wp-json\/wp\/v2\/types\/page"}],"author":[{"embeddable":true,"href":"https:\/\/navasca.com.ve\/index.php\/wp-json\/wp\/v2\/users\/1"}],"replies":[{"embeddable":true,"href":"https:\/\/navasca.com.ve\/index.php\/wp-json\/wp\/v2\/comments?post=341"}],"version-history":[{"count":46,"href":"https:\/\/navasca.com.ve\/index.php\/wp-json\/wp\/v2\/pages\/341\/revisions"}],"predecessor-version":[{"id":653,"href":"https:\/\/navasca.com.ve\/index.php\/wp-json\/wp\/v2\/pages\/341\/revisions\/653"}],"wp:attachment":[{"href":"https:\/\/navasca.com.ve\/index.php\/wp-json\/wp\/v2\/media?parent=341"}],"curies":[{"name":"wp","href":"https:\/\/api.w.org\/{rel}","templated":true}]}}